+ 181. List the prime factors of h.
2, 3, 7
Let p = 128 - 54. Suppose -u + 3*u = p. List the prime factors of u/3 + (-1)/3.
2, 3
Suppose -4*s = 4*b + 140 - 456, -4*b - 3*s = -312. List the prime factors of b.
3, 5
Let t = -8 + 5. What are the prime factors of (t - 52/20)*-5?
2, 7
Let c(u) = -u**2 - 12*u - 11. Suppose n = 5*x + 45, -n - 2*n = -4*x - 146. Suppose -4*g + n = -9*g. What are the prime factors of c(g)?
3
Let a(l) = l**2 - l + 7. Let b(o) = -o**2 + 2*o - 6. Let c(y) = 4*a(y) + 5*b(y). Let x be c(4). Suppose -3*k - x = -6*k. What are the prime factors of k?
2
Suppose 2*y + 6*y - 1240 = 0. What are the prime factors of y?
5, 31
Let d(i) = -i - 12. Let x be d(9). What are the prime factors of (-3)/(-2) + x/(-6)?
5
Let f = -13 + 13. Suppose f = -r + 9. What are the prime factors of r?
3
Suppose 4*b - x - 182 = 0, -3*b + 2*b - 2*x + 41 = 0. Let c be 0 + (1 + 0)*b. Suppose n + c = 5*a, 2*a + 0*a = -4*n - 4. List the prime factors of a.
2
What are the prime factors of (-1 + 4 + -2)/((-1)/(-122))?
2, 61
List the prime factors of 18 + 251 - 1*2.
3, 89
Suppose -2*p = -13 + 11. Let u = p - -45. List the prime factors of u.
2, 23
Let w be ((-8)/(-3))/((-2)/21). Let v be (-7)/w - (-99)/4. Suppose 0 = 4*h - v - 15. List the prime factors of h.
2, 5
Let f = -4 + 8. Suppose -18 = -f*y + 10. List the prime factors of y.
7
Let d(t) = 3*t**2 - 12*t - 5. Let c(b) = -4*b**2 + 13*b + 4. Let y(o) = 2*c(o) + 3*d(o). List the prime factors of y(11).
2
Let y be 9/(-5)*10/(-3). Suppose -a = -y*a + 70. What are the prime factors of a?
2, 7
Suppose -5*w + 798 = 2*w. List the prime factors of w.
2, 3, 19
Let x(i) = -4*i - 2. Let l be x(1). What are the prime factors of (-19 + 5)/(l/9)?
3, 7
Suppose 3*u - m = -0*u + 14, 3 = 3*m. Suppose 4*q + 30 = u*a, -a + 3*q + 21 = 2*a. What are the prime factors of (2/a)/(2/34)?
17
Suppose -92 = -4*o - 5*u, 0*o - 3*u = 2*o - 44. What are the prime factors of o?
2, 7
Let b = 8 - 0. Suppose 2*f - b = f. List the prime factors of f.
2
Suppose 2*s = -s. Suppose -2*x + x + 6 = s. What are the prime factors of x?
2, 3
Let q be 5/25 - 22/10. Let b be (1/q)/(1/(-812)). What are the prime factors of b/21 + 4/6?
2, 5
Suppose -3*s - 14 = 2*l, 0 = -4*l - 3*s + s - 12. Let j = l + 2. Suppose c - 8 = -j. What are the prime factors of c?
7
Let k(n) = 2*n**2 - 3*n - 3. What are the prime factors of k(5)?
2
Suppose -4*g + 7 = -3*o, -o - 9 = -3*g - 0. Suppose 0 = -5*w - 3*m + 86, 42 = -g*w + 3*m + 127. List the prime factors of w.
19
Let o(c) = c**2 - 5*c + 1. What are the prime factors of o(8)?
5
Suppose u = 5*u - 244. What are the prime factors of u?
61
Let h(m) = 5*m - 8. Let w be h(6). Suppose w + 22 = 4*j. Let c = j + -7. List the prime factors of c.
2
Suppose -r + 5*w = 7 - 17, -3*w = -6. Suppose -7*g - r = -2*g. Let l(a) = -6*a - 2. List the prime factors of l(g).
2, 11
Suppose -3 = p - 5*l, -3*p - 5*l + 47 = -4. List the prime factors of p.
2, 3
Let t(q) = q**3 + 2*q**2 + 41. List the prime factors of t(0).
41
Let v = 0 + -2. Let j be -4*(0 - (-1)/v). Suppose 0 = -j*t - t + 18. What are the prime factors of t?
2, 3
Let k(p) = 2*p**2 - 5*p + 3. Let t be k(3). Let w = t - 4. Suppose f = 4*x - 14, w = -5*f + 2*x + 4. What are the prime factors of f?
2
Let l = -36 - -50. Suppose m + l = 2*m. List the prime factors of m.
2, 7
Suppose 2*q - 9 = 1, 712 = 3*n + 2*q. Suppose 3*g + 24 - n = 0. Suppose -5*r + g = 5*x, 0*r + 4*x = 3*r - 49. List the prime factors of r.
3, 5
Suppose 0 = -0*z - 4*z - 16. Let h(d) = -3*d - 2. List the prime factors of h(z).
2, 5
Suppose -2*j + 8 = 2*j, 0 = 2*r + j - 48. List the prime factors of r.
23
What are the prime factors of 3 - 5/(15/(-18))?
3
Let w be (6/2)/3*17. Let b = 0 + w. List the prime factors of b.
17
Let f = 323 - 231. List the prime factors of f.
2, 23
Let u be 1 - 1*-5*42. Suppose -66 + u = -o. What are the prime factors of o/(-15) + (-1)/(-3)?
2, 5
What are the prime factors of ((-1)/(-3))/(2/6) - -40?
41
Let o(i) = i**3 + 5*i**2 - 8*i - 12. List the prime factors of o(-5).
2, 7
Suppose 3*h = q + 6, 4*h - 3*q = -6*q + 21. Let x = h + -3. Let j(o) = -o + 8. What are the prime factors of j(x)?
2
Let f be (-2)/11 - 228/(-44). Suppose -f*w = g - 24, 2*g - w + 3*w - 32 = 0. What are the prime factors of g?
2, 7
Let x(z) = z**3 + 6*z**2 + z + 7. What are the prime factors of x(-5)?
3
Suppose 7*a = 3*a. Let c = 3 - a. Suppose -4*z - m = -6*m - 67, c*m = 3*z - 48. List the prime factors of z.
13
Let a(i) = -2*i + 5. Let y be a(8). Let p = y - -20. List the prime factors of p.
3
Let f(x) = 0*x + 0*x**2 + 2*x + 3*x**2 - 4*x. What are the prime factors of f(-3)?
3, 11
What are the prime factors of 3/((-15)/(-2)) + 12096/35?
2, 173
Let a(h) = -h**2 - 6*h - 2. Let v be a(-5). Suppose 3*m - 14 = m + 2*o, -3*m - 3*o + 33 = 0. Let d = m - v. List the prime factors of d.
2, 3
Let u = -12 - -24. List the prime factors of u.
2, 3
Let v be (3/2)/(3/8). Suppose -x - 5 = x + 3*a, v*x - 20 = 4*a. What are the prime factors of x?
2
Let k be ((-1)/(-2))/(6/24). Let h(b) = b**3 + 3*b**2 + 5 + 0*b**2 + 8*b**k + 7 + 10*b. List the prime factors of h(-10).
2, 3
Suppose -w = -l, -l + w = 2*l. Suppose -z + 2 + 7 = l. Let j = z + -5. List the prime factors of j.
2
Suppose -a + 2 - 5 = 0. What are the prime factors of -1 - -1 - a*3?
3
Let j(a) be the second derivative of 2*a**3/3 - 4*a. What are the prime factors of j(5)?
2, 5
Suppose -11 = 5*l + 4. Let o = 7 + l. Let m = o + 7. List the prime factors of m.
11
Let h(o) = -o**2 + o - 1. Let f be h(8). Let v be f/(-6) - (-1)/2. Suppose 5*k = 4*g - 0*k - 26, -v = -2*g + k. List the prime factors of g.
2
Suppose 2*u = -0*u + 24. List the prime factors of u.
2, 3
Let l = 7 - 11. Suppose 0 = 9*c - 8*c. Let f = c - l. List the prime factors of f.
2
List the prime factors of 13 - -14 - 2*-1.
29
Suppose -p = 3*p - 20. Suppose 7*t = x + 2*t, p*x - 5*t = 20. List the prime factors of x.
5
Suppose 0 = 2*c - 7*c + 120. List the prime factors of c/9*(-18)/(-4).
2, 3
Let x(p) = 6*p - 24. What are the prime factors of x(10)?
2, 3
Suppose 11*c - 120 = c. What are the prime factors of c?
2, 3
Let i be 1652/(-63) + (-4)/(-18). Let g = 37 + i. List the prime factors of g.
11
Let v(i) = 8*i**2 - 10*i + 15. List the prime factors of v(2).
3
Suppose -3*q = -f - 8, q - 2*q + f = 0. Suppose -15 - 57 = -q*s. List the prime factors of s.
2, 3
Suppose h - 155 = -4*u, -h = -0*h - 3*u - 141. What are the prime factors of h?
3, 7
Let w(k) = 3*k + 5. Let s be w(-7). What are the prime factors of (-6)/(-27) + s/(-9)?
2
Let r be (-2)/(-5) - (-36)/10. Suppose r*g = u - 9, 10 = 3*u + 4*g - 33. Suppose -n = -4*i + u - 0, n = -1. List the prime factors of i.
3
Suppose -2*d = 2*d + 4, -7 = 4*i + 3*d. Let m = i + 7. List the prime factors of m.
2, 3
Suppose l - 1034 = -2*m - 2*m, 3*l = 2*m - 524. What are the prime factors of m?
7, 37
Let y(d) be the third derivative of 0 + 0*d + 4*d**2 + 2/3*d**3 - 1/12*d**4. List the prime factors of y(-4).
2, 3
Suppose -3*c = -0 - 12. Suppose 28 = -0*y + c*y. What are the prime factors of y?
7
Suppose 2*y - 47 = 3*d - 3*y, -5*y - 16 = 4*d. What are the prime factors of (-3)/d + 5/3?
2
Suppose 2*j + 3*b - 13 = 0, 2*b + 5 = b. Suppose -94 = -5*p - 5*k + 6, 26 = p - 5*k. Let u = p - j. What are the prime factors of u?
7
Let l = -10 + 1. List the prime factors of 514/10 + l/(-15).
2, 13
Let l be (4/6)/(4/12). Suppose -k + 6*w = 3*w - 36, 3*w = -6. Suppose 5*o - k = l*o. What are the prime factors of o?
2, 5
What are the prime factors of (-749)/(-35) - 4/10?
3, 7
Let q be 853/5 + (-3)/5. Suppose 0*g = -5*g + q. List the prime factors of g.
2, 17
Let d(z) = 2*z**2 - 9*z + 4. Let o be d(7). Let r(u) = -3*u**2 - u + 2. Let x be r(-3). Let c = x + o. What are the prime factors of c?
17
Suppose 0 = -5*h + 4*h - 1. Let c be ((-2)/(-4))/(h/(-6)). Suppose 12 = 4*d - c*d. List the prime factors of d.
2, 3
Suppose 1 + 3 = u. Suppose -l = -4*j - 16, -3*l + 16 = -l - u*j. Suppose -v + 5 + 1 = l. List the prime factors of v.
2, 3
Suppose -4 = -0*d - 4*d. Let j = d + -2. List the prime factors of (2 - 14)*j/2.
2, 3
Let q(o) = o**2 - 8*o + 4. Let c be q(8). What are the prime factors of (-15)/(-1) + 8/c?
17
Suppose 0 = -4*x + 2*g - 148, -5*x + 2*g - 76 = -3*x. Let s = x - 0. List the prime factors 